ors of 846/4*32/24*(-46)/(-4)?
3, 23, 47
Let f(i) = i**2 + i + 1418. Let v be f(0). Suppose -130788 = 85*w - 466793. Suppose -13*h - v = -w. What are the prime factors of h?
3, 5, 13
Let a = -2905 + 6779. Suppose -2*l + 1018 - a = 0. List the prime factors of l/(-20) - 12/30.
71
Let z(l) = 178*l - 7 - 347*l + 150*l + 2*l**2. List the prime factors of z(-17).
2, 3, 149
Let y be (1/2)/((-8)/(-240)). Suppose -a + 19 = y. List the prime factors of (a - 140/4)/(1 + -2).
31
Let v be ((-66)/(-15))/((-13)/(-195)). Suppose -63*b - 927 = -v*b. List the prime factors of b.
3, 103
Suppose 2*a + 138 = -4*a. Let p = 29 + a. Suppose 4*i - z = 41, -5*i = -z + p*z - 20. What are the prime factors of i?
3
Let b = -20 - 49. Let p = b - -71. List the prime factors of (45 - -11)*p/4.
2, 7
Suppose 0 = -j + 3*v + 132, j - 122 = -v + 2*v. Suppose 0 = j*m - 122*m + 10. List the prime factors of (-4)/(10 - m)*-278.
139
Let z = 380 + -381. What are the prime factors of (-9)/12 - z - (-1206)/8?
151
Let k(m) = -m**3 - 32*m**2 + 288*m + 54. What are the prime factors of k(-48)?
2, 3, 1283
Let w(t) = -3196*t - 352. List the prime factors of w(-2).
2, 5, 151
Let r = -45292 + 64432. List the prime factors of r.
2, 3, 5, 11, 29
Let g be (-30)/(-2 + 16/12). Let v = g - 24. Let j = v - 7. What are the prime factors of j?
2, 7
Let l be 2 - ((8 - 3) + -2) - 1. Let y = 1 - l. Suppose 156 = x + y*x. List the prime factors of x.
3, 13
Let f(c) = -64 + 11 - 6*c + 35*c. List the prime factors of f(14).
353
Suppose 5*l = 2*a - 20 + 51, -4*l = -2*a - 26. Let x(v) = -178*v - 37. List the prime factors of x(a).
7, 71
Suppose -22*r + 29*r = 2940. Let c = 623 - r. What are the prime factors of c?
7, 29
Suppose 0 = -3*t + 4*v + 71 - 448, 2*t + 5*v + 213 = 0. Let s = -65 - t. List the prime factors of s.
2, 3
What are the prime factors of -2 + 1 + 12 + 18491 + 35?
3, 37, 167
Suppose 0 = 4*k - 4*d - 55688, d = 154*k - 155*k + 13930. What are the prime factors of k?
2, 3, 11, 211
Let m(h) = -20 + 32 - 5 + 2*h**2 - h**3 - 23*h - 10 - 24. What are the prime factors of m(-7)?
5, 23
Suppose 5*o = -5*v + 115, -5*v - 18 - 5 = -o. Suppose -3*w - 3*z - 141 = 0, 2*w = 3*w - 5*z + o. Let m = w - -124. What are the prime factors of m?
3
Let x(o) = -263*o**2 + 4*o + 2. Let u be x(-1). What are the prime factors of u/(-2) + 8/(-128)*-8?
7, 19
Suppose -28*r + 16*r = 3636. Let x = -103 - r. What are the prime factors of x?
2, 5
Suppose -28 = -4*g + 4*x, x + 39 = 5*g - 2*x. What are the prime factors of g/96*-4 + (-9350)/(-16)?
2, 73
Suppose 0 = 16*n - 11*n - 80. Suppose -q + 399 = 2*o, n + 9 = 5*q. Suppose 0 = -5*s - o + 597. What are the prime factors of s?
2, 5
Suppose -17*l + 38004 = 114504. What are the prime factors of (l/(-70))/((-4)/(-28))?
2, 3, 5
Suppose -5*v + 37330 = -4*k, -2*k - 37330 = -5*v - 8*k. What are the prime factors of v?
2, 3733
Suppose 6*n = 14906 + 1474. Suppose 23*f - n = 21*f. List the prime factors of f.
3, 5, 7, 13
Suppose 3*s + 14335 = 5*d, 4*d = -3*s + 9634 + 1807. Let j = 4174 - d. What are the prime factors of j?
2, 5, 131
Suppose -2*u + z = -85613, 164611 = 5*u + z - 49439. Suppose 25*x = 7966 + u. List the prime factors of x.
3, 677
Suppose -20*i + 309456 = -5*i - i. What are the prime factors of i?
2, 3, 307
What are the prime factors of ((-14)/(-3))/(-4 + 351016/39000 + -5)?
5, 7, 13
Suppose -2*z + 0*z = 5*p - 89, 3*p + 3*z = 57. Suppose 4*c - p = s - 0*c, 0 = -3*s - c + 14. Suppose 2*w + 56 = s*w. List the prime factors of w.
2, 7
Let j = 30229 + -13956. List the prime factors of j.
16273
Suppose 385545 = 32*k - 2412919. List the prime factors of k.
2, 21863
Suppose -9*v + 14 = -4. Suppose i = v*m + 180, 4*i - 8*m - 732 = -4*m. What are the prime factors of i?
2, 3, 31
Let g(y) = -101*y**3 - 2*y**2 - 6*y + 7. Let u be g(1). Let q = 28 - u. List the prime factors of q.
2, 5, 13
Let p(z) = z**2 + 32*z + 133. Let m be p(-28). Suppose -m*v = 2729 - 22406. List the prime factors of v.
937
Let n be (-5)/(-10)*(-2 - (-16)/4). List the prime factors of n + (-210)/(-8) + 27/36.
2, 7
Let u be 2/(4*(-5)/(-2680)). Suppose -14*x + 16*x = u. Suppose 0 = -9*q + 10 + x. What are the prime factors of q?
2
Let q = 75 + -73. Let v be 3 + (-10)/4 + (-3)/q. Let r(d) = 17*d**2 - 2*d - 2. List the prime factors of r(v).
17
Let g(u) = -u**3 + 38*u**2 - 42*u - 86. What are the prime factors of g(36)?
2, 7, 71
Suppose 8*n + 96 = 4*n. Let k = 28 + n. Suppose -k*h = -9*h + 535. List the prime factors of h.
107
Let k(o) = 62*o**2 + 98*o - 58. What are the prime factors of k(11)?
2, 4261
Let c(k) = -81*k - 39. Let n be c(-10). Suppose -n + 71 = -5*b. Let y = b + -63. List the prime factors of y.
7, 11
Let d(u) = -2*u**2 - 8*u + 2. Let l be d(-4). What are the prime factors of (173/l)/((-6)/(-36))?
3, 173
Let z = -958 + 1378. Suppose f + 3*f + z = 0. Let v = f - -202. What are the prime factors of v?
97
Let t be (-6)/(-27) + 42161/(-63). Let g = t - -1023. Suppose -2*i = i - g. What are the prime factors of i?
2, 59
Let y = 183895 - 118739. What are the prime factors of y?
2, 7, 13, 179
Suppose 2*d - 37290 - 126713 = -5*d. List the prime factors of d.
7, 3347
Let p = -33135 + 62032. What are the prime factors of p?
11, 37, 71
Let x(g) = 33*g**3 - 8*g**2 + 17*g + 17. List the prime factors of x(6).
6959
Suppose -160*p + 2326873 = 73433. What are the prime factors of p?
2, 7, 503
Suppose 106 = 3*l - 2. Let h be 14/18 + 8/l. What are the prime factors of h + -1 + (-2 - -19*4)?
2, 37
Let b be (-266)/28 + (6/(-4))/3. List the prime factors of 326*(-1 + (-15)/b).
163
Suppose p = 32 - 13. Suppose p*r + 692 = 23*r. What are the prime factors of r?
173
Let n(r) = 3*r**3 + 4*r**2 - 8*r + 29. Let t(g) = -g**2 - 24*g + 87. Let u be t(-27). List the prime factors of n(u).
773
Let b(u) = 3*u**2 - 7*u - 31. Let d be b(-8). Suppose -q - 90 - 13 = 0. Let j = q + d. What are the prime factors of j?
2, 3, 19
Suppose -3*n - 9 = 3*i - i, 2*i - 3 = n. List the prime factors of 146/4 + n + (-21)/(-6).
37
Let q(c) = 29*c**2 + 55*c + 19. Let t be q(8). Suppose 2314*u + 1289 = t*u. What are the prime factors of u?
1289
Let a = 473 - 929. Let s = 399 - a. List the prime factors of s.
3, 5, 19
Let q(k) = -494*k + 4238. What are the prime factors of q(4)?
2, 3, 13, 29
Let u(v) = 24*v + 150. Let s be u(-5). List the prime factors of ((-280)/s)/(4/(-78)).
2, 7, 13
Let w(x) = 8*x - 5. Let n be w(1). Suppose 0 = n*b - 65 - 259. What are the prime factors of b?
2, 3
Suppose -6*k - 27*k = 27*k - 2434560. What are the prime factors of k?
2, 317
Let x(k) = 1818*k**2 - 4*k - 2. What are the prime factors of x(-1)?
2, 5, 7, 13
Let b = -88 + 73. List the prime factors of 15*(-5)/b - -170.
5, 7
Let k = 94 + -135. Let u = -38 - k. Suppose j - f - 24 = 56, -3*j - u*f = -234. What are the prime factors of j?
79
Suppose -3537*l - 144820 = -3547*l. What are the prime factors of l?
2, 13, 557
Let g(s) = 110*s**2 + 37*s - 410. What are the prime factors of g(12)?
2, 7937
Suppose 5*v - 3*b - 10758 = 19409, 0 = 5*v + b - 30151. What are the prime factors of v?
37, 163
Suppose 17*m - 612 = 8*m. Let t be 0 + -1 + (-28 - -8). Let a = t + m. What are the prime factors of a?
47
Suppose -i + 24136 + 10974 = 4*t, 0 = 2*i - 12. List the prime factors of t.
2, 1097
Let s be (14/4 + -3)*(2 + -2). Suppose -2*b = -3*m - 15, 27 = 4*b - 3*m - s. List the prime factors of b.
2, 3
Suppose a = -i + 9, 4*a + 1 = i + a. Let l(k) = 9*k - 12. Let b be l(i). Let m = 16 + b. List the prime factors of m.
67
Let p = 207 + -204. Suppose 0 = l + p*l - 1872. What are the prime factors of l?
2, 3, 13
Suppose 0 = 5*h - 6*h + 420. Suppose h = -5*o - 4*q, -2*o = -o + 5*q + 63. Let c = 13 - o. List the prime factors of c.
101
What are the prime factors of 14806/6 - -24*26/(-936)?
2467
Let t be 3/(3/5)*1700/250. What are the prime factors of t/(-85) + 6904/10?
2, 3, 5, 23
Suppose 0 = 5*t - 2*u - 37194, -4*t + 6297 + 23463 = -4*u. List the prime factors of t.
2, 3719
Suppose 63*k - 270872 = 379666. List the prime factors of k.
2, 3, 1721
Let i(q) be the third derivative of q**4/24 + 22*q**3/3 - 14*q**2. List the prime factors of i(-8).
2, 3
Suppose -3*y + 56 = y. Suppose -3972 = 2*s - y*s. What are the prime factors of s?
331
Suppose 67*l = 796151 + 1184168. What are the prime facto